{"id":573,"date":"2010-05-23T18:51:04","date_gmt":"2010-05-23T16:51:04","guid":{"rendered":"http:\/\/127.0.0.1\/baravmusic\/?page_id=573"},"modified":"2024-04-20T18:04:34","modified_gmt":"2024-04-20T16:04:34","slug":"the-musicians","status":"publish","type":"page","link":"https:\/\/www.baravmusic.com\/cms\/the-musicians\/","title":{"rendered":"The Musicians"},"content":{"rendered":"<h1>The Musicians<\/h1>\n<div class=\"musician\"><a href=\"https:\/\/www.baravmusic.com\/cms\/?p=806&amp;lang=en\" target=\"_self\" rel=\"noopener noreferrer\"><img loading=\"lazy\" decoding=\"async\" class=\"mt\" title=\"mus_th_gabi\" src=\"https:\/\/www.baravmusic.com\/img\/mus_th_gabi.jpg\" alt=\"Gabriel Barbalau\" width=\"85\" height=\"100\" style=\"border: 0pt none;\" \/><br \/>Gabriel Barbalau<br \/>-Contrabas-<\/a><\/div>\n<div class=\"musician\"><a href=\"https:\/\/www.baravmusic.com\/cms\/?p=792&amp;lang=en\" target=\"_self\" rel=\"noopener noreferrer\"><img loading=\"lazy\" decoding=\"async\" class=\"mt\" title=\"mus_th_michael\" src=\"https:\/\/www.baravmusic.com\/img\/mus_th_michael.jpg\" alt=\"Michael Benedik\" width=\"85\" height=\"100\" style=\"border: 0pt none;\"\/><br \/>Michael Benedik<br \/>-Guitar-<\/a><\/div>\n<div class=\"musician\"><a href=\"https:\/\/www.baravmusic.com\/cms\/?p=885&amp;lang=es\" target=\"_self\" rel=\"noopener noreferrer\"><img loading=\"lazy\" decoding=\"async\" class=\"mt\" title=\"mus_th_fernando\" src=\"https:\/\/www.baravmusic.com\/img\/mus_th_fernando.jpg\" alt=\"Fernando Gonzalez\" width=\"85\" height=\"100\" style=\"border: 0pt none;\"\/><br \/>Fernando Gonzalez<br \/>-Guitar-<\/a><\/div>\n<div class=\"musician\"><a href=\"https:\/\/www.baravmusic.com\/cms\/?p=781&amp;lang=en\" target=\"_self\" rel=\"noopener noreferrer\"><img loading=\"lazy\" decoding=\"async\" class=\"mt\" title=\"mus_th_mikhail\" src=\"https:\/\/www.baravmusic.com\/img\/mus_th_mikhail.jpg\" alt=\"Mikhail Bezverkhni\" width=\"85\" height=\"100\" style=\"border: 0pt none;\"\/><br \/>Mikhail Bezverkhni<br \/>-Violin\/Viola-<\/a><\/div>\n<div class=\"musician\"><a href=\"https:\/\/www.baravmusic.com\/cms\/?p=14821&amp;lang=en\" target=\"_self\" rel=\"noopener noreferrer\"><img loading=\"lazy\" decoding=\"async\" class=\"mt\" title=\"mus_timur_sergeyenia\" src=\"https:\/\/www.baravmusic.com\/img\/mus_th_timur_sergeyenia.jpg\" alt=\"Timur Sergeyenia\" width=\"85\" height=\"100\" style=\"border: 0pt none;\" \/><br \/>Timur Sergeyenia<br \/>-Piano-<\/a><\/div>\n<div class=\"musician\"><a href=\"https:\/\/www.baravmusic.com\/cms\/?p=773&amp;lang=en\" target=\"_self\" rel=\"noopener noreferrer\"><img loading=\"lazy\" decoding=\"async\" class=\"mt\" title=\"mus_th_lander\" src=\"https:\/\/www.baravmusic.com\/img\/mus_th_lander.jpg\" alt=\"Lander Echebarr\u00eda\" width=\"85\" height=\"100\" style=\"border: 0pt none;\"\/><br \/>Lander Echebarr\u00eda<br \/>-Violin-<\/a><\/div>\n<div class=\"musician\"><a href=\"https:\/\/www.baravmusic.com\/cms\/?p=752&amp;lang=en\" target=\"_self\" rel=\"noopener noreferrer\"><img loading=\"lazy\" decoding=\"async\" class=\"mt\" title=\"Maria Sobrino Guti&eacute;rrez\" src=\"https:\/\/www.baravmusic.com\/img\/mus_th_maria.jpg\" alt=\"Maria Sobrino Guti&eacute;rrez\" width=\"85\" height=\"100\" style=\"border: 0pt none;\"\/><br \/>Maria Sobrino Guti\u00e9rrez<br \/>-Piano-<\/a><\/div>\n<div class=\"musician\"><a href=\"https:\/\/www.baravmusic.com\/cms\/?p=766&amp;lang=en\" target=\"_self\" rel=\"noopener noreferrer\"><img loading=\"lazy\" decoding=\"async\" class=\"mt\" title=\"Mirjam Wesselink-Sopraan\" src=\"https:\/\/www.baravmusic.com\/img\/mus_th_mirjam.jpg\" alt=\"Mirjam Wesselink-Sopraan\" width=\"85\" height=\"100\" style=\"border: 0pt none;\"\/><br \/>Mirjam Wesselink<br \/>-Soprano-<\/a><\/div>\n<div class=\"musician\"><a href=\"https:\/\/www.baravmusic.com\/cms\/?p=14302&amp;lang=en\" target=\"_self\" rel=\"noopener noreferrer\"><img loading=\"lazy\" decoding=\"async\" class=\"mt\" title=\"Michael Goldort\" src=\"https:\/\/www.baravmusic.com\/img\/mus_th_michael_goldort.jpg\" alt=\"Michael Goldort\" width=\"85\" height=\"100\" style=\"border: 0pt none;\"\/><br \/>Michael Goldort<br \/>-Guitar-<\/a><\/div>\n<div class=\"musician\"><a href=\"\/cms\/?p=15080&#038;lang=nl\" target=\"_self\" rel=\"noopener noreferrer\"><img loading=\"lazy\" decoding=\"async\" class=\"mt\" title=\"Darja Gro\u00dfheide - Traverso\" src=\"https:\/\/www.baravmusic.com\/img\/mus_th_darja.jpg\" alt=\"Darja Gro\u00dfheide - Traverso\" width=\"85\" height=\"100\" style=\"border: 0pt none;\"\/><br \/>Darja Gro\u00dfheide<br \/> -Traverso-<\/a><\/div>\n","protected":false},"excerpt":{"rendered":"<p>The Musicians Gabriel Barbalau-Contrabas- Michael Benedik-Guitar- Fernando Gonzalez-Guitar- Mikhail Bezverkhni-Violin\/Viola- Timur Sergeyenia-Piano- Lander Echebarr\u00eda-Violin- Maria Sobrino Guti\u00e9rrez-Piano- Mirjam Wesselink-Soprano- Michael Goldort-Guitar- Darja Gro\u00dfheide -Traverso-<\/p>\n","protected":false},"author":4,"featured_media":0,"parent":0,"menu_order":3,"comment_status":"closed","ping_status":"closed","template":"full-width-page-template.php","meta":{"footnotes":""},"categories":[55,25],"tags":[],"class_list":["post-573","page","type-page","status-publish","hentry","category-eng","category-eng-mus"],"_links":{"self":[{"href":"https:\/\/www.baravmusic.com\/cms\/wp-json\/wp\/v2\/pages\/573","targetHints":{"allow":["GET"]}}],"collection":[{"href":"https:\/\/www.baravmusic.com\/cms\/wp-json\/wp\/v2\/pages"}],"about":[{"href":"https:\/\/www.baravmusic.com\/cms\/wp-json\/wp\/v2\/types\/page"}],"author":[{"embeddable":true,"href":"https:\/\/www.baravmusic.com\/cms\/wp-json\/wp\/v2\/users\/4"}],"replies":[{"embeddable":true,"href":"https:\/\/www.baravmusic.com\/cms\/wp-json\/wp\/v2\/comments?post=573"}],"version-history":[{"count":24,"href":"https:\/\/www.baravmusic.com\/cms\/wp-json\/wp\/v2\/pages\/573\/revisions"}],"predecessor-version":[{"id":18143,"href":"https:\/\/www.baravmusic.com\/cms\/wp-json\/wp\/v2\/pages\/573\/revisions\/18143"}],"wp:attachment":[{"href":"https:\/\/www.baravmusic.com\/cms\/wp-json\/wp\/v2\/media?parent=573"}],"wp:term":[{"taxonomy":"category","embeddable":true,"href":"https:\/\/www.baravmusic.com\/cms\/wp-json\/wp\/v2\/categories?post=573"},{"taxonomy":"post_tag","embeddable":true,"href":"https:\/\/www.baravmusic.com\/cms\/wp-json\/wp\/v2\/tags?post=573"}],"curies":[{"name":"wp","href":"https:\/\/api.w.org\/{rel}","templated":true}]}}