{"id":574,"date":"2010-05-23T18:52:25","date_gmt":"2010-05-23T16:52:25","guid":{"rendered":"http:\/\/127.0.0.1\/baravmusic\/?page_id=574"},"modified":"2024-04-20T14:56:44","modified_gmt":"2024-04-20T12:56:44","slug":"les_musiciens","status":"publish","type":"page","link":"https:\/\/www.baravmusic.com\/cms\/les_musiciens\/","title":{"rendered":"Les Musiciens"},"content":{"rendered":"<h1>Les Musiciens<\/h1>\n<div class=\"musician\"><a href=\"https:\/\/www.baravmusic.com\/cms\/?p=810&#038;lang=fr\" target=\"_self\" rel=\"noopener noreferrer\"><img loading=\"lazy\" decoding=\"async\" class=\"mt\" title=\"mus_th_gabi\" src=\"https:\/\/www.baravmusic.com\/img\/mus_th_gabi.jpg\" alt=\"Gabriel Barbalau\" width=\"85\" height=\"100\" style=\"border: 0pt none;\" \/><br \/>Gabriel Barbalau<br \/>-Contre-Basse-<\/a><\/div>\n<div class=\"musician\"><a href=\"https:\/\/www.baravmusic.com\/cms\/?p=793&#038;lang=fr\" target=\"_self\" rel=\"noopener noreferrer\"><img loading=\"lazy\" decoding=\"async\" class=\"mt\" title=\"mus_th_michael\" src=\"https:\/\/www.baravmusic.com\/img\/mus_th_michael.jpg\" alt=\"Michael Benedik\" width=\"85\" height=\"100\" style=\"border: 0pt none;\"\/><br \/>Michael Benedik<br \/>-Guitare-<\/a><\/div>\n<div class=\"musician\"><a href=\"https:\/\/www.baravmusic.com\/cms\/?p=142\" target=\"_self\" rel=\"noopener noreferrer\"><img loading=\"lazy\" decoding=\"async\" class=\"mt\" title=\"mus_th_fernando\" src=\"https:\/\/www.baravmusic.com\/img\/mus_th_fernando.jpg\" alt=\"Fernando Gonzalez\" width=\"85\" height=\"100\" style=\"border: 0pt none;\"\/><br \/>Fernando Gonzalez<br \/>-Guitare-<\/a><\/div>\n<div class=\"musician\"><a href=\"https:\/\/www.baravmusic.com\/cms\/?p=789&#038;lang=fr\" target=\"_self\" rel=\"noopener noreferrer\"><img loading=\"lazy\" decoding=\"async\" class=\"mt\" title=\"mus_th_mikhail\" src=\"https:\/\/www.baravmusic.com\/img\/mus_th_mikhail.jpg\" alt=\"Mikhail Bezverkhni\" width=\"85\" height=\"100\" style=\"border: 0pt none;\"\/><br \/>Mikhail Bezverkhni<br \/>-Violon\/Viola-<\/a><\/div>\n<div class=\"musician\"><a href=\"https:\/\/www.baravmusic.com\/cms\/?p=15395&#038;lang=fr\" target=\"_self\" rel=\"noopener noreferrer\"><img loading=\"lazy\" decoding=\"async\" class=\"mt\" title=\"mus_timur_sergeyenia\" src=\"https:\/\/www.baravmusic.com\/img\/mus_th_timur_sergeyenia.jpg\" alt=\"Timur Sergeyenia\" width=\"85\" height=\"100\" style=\"border: 0pt none;\" \/><br \/>Timur Sergeyenia<br \/>-Piano-<\/a><\/div>\n<div class=\"musician\"><a href=\"https:\/\/www.baravmusic.com\/cms\/?p=778&#038;lang=fr\" target=\"_self\" rel=\"noopener noreferrer\"><img loading=\"lazy\" decoding=\"async\" class=\"mt\" title=\"mus_th_lander\" src=\"https:\/\/www.baravmusic.com\/img\/mus_th_lander.jpg\" alt=\"Lander Echebarr\u00eda\" width=\"85\" height=\"100\" style=\"border: 0pt none;\"\/><br \/>Lander Echebarr\u00eda<br \/>-Violon-<\/a><\/div>\n<div class=\"musician\"><a href=\"https:\/\/www.baravmusic.com\/cms\/?p=753&#038;lang=fr\" target=\"_self\" rel=\"noopener noreferrer\"><img loading=\"lazy\" decoding=\"async\" class=\"mt\" title=\"Maria Sobrino Guti&eacute;rrez\" src=\"https:\/\/www.baravmusic.com\/img\/mus_th_maria.jpg\" alt=\"Maria Sobrino Guti&eacute;rrez\" width=\"85\" height=\"100\" style=\"border: 0pt none;\"\/><br \/>Maria Sobrino Guti\u00e9rrez<br \/>-Piano-<\/a><\/div>\n<div class=\"musician\"><a href=\"https:\/\/www.baravmusic.com\/cms\/?p=765&#038;lang=fr\" target=\"_self\" rel=\"noopener noreferrer\"><img loading=\"lazy\" decoding=\"async\" class=\"mt\" title=\"Mirjam Wesselink-Sopraan\" src=\"https:\/\/www.baravmusic.com\/img\/mus_th_mirjam.jpg\" alt=\"Mirjam Wesselink-Sopraan\" width=\"85\" height=\"100\" style=\"border: 0pt none;\"\/><br \/>Mirjam Wesselink<br \/>-Soprano-<\/a><\/div>\n<div class=\"musician\"><a href=\"https:\/\/www.baravmusic.com\/cms\/?p=15314&#038;lang=fr\" target=\"_self\" rel=\"noopener noreferrer\"><img loading=\"lazy\" decoding=\"async\" class=\"mt\" title=\"Michael Goldort\" src=\"https:\/\/www.baravmusic.com\/img\/mus_th_michael_goldort.jpg\" alt=\"Michael Goldort\" width=\"85\" height=\"100\" style=\"border: 0pt none;\"\/><br \/>Michael Goldort<br \/>-Guitare-<\/a><\/div>\n<div class=\"musician\"><a href=\"\/cms\/?p=15080&#038;lang=nl\" target=\"_self\" rel=\"noopener noreferrer\"><img loading=\"lazy\" decoding=\"async\" class=\"mt\" title=\"Darja Gro\u00dfheide - Traverso\" src=\"https:\/\/www.baravmusic.com\/img\/mus_th_darja.jpg\" alt=\"Darja Gro\u00dfheide - Traverso\" width=\"85\" height=\"100\" style=\"border: 0pt none;\"\/><br \/>Darja Gro\u00dfheide<br \/> -Traverso-<\/a><\/div>\n","protected":false},"excerpt":{"rendered":"<p>Les Musiciens Gabriel Barbalau-Contre-Basse- Michael Benedik-Guitare- Fernando Gonzalez-Guitare- Mikhail Bezverkhni-Violon\/Viola- Timur Sergeyenia-Piano- Lander Echebarr\u00eda-Violon- Maria Sobrino Guti\u00e9rrez-Piano- Mirjam Wesselink-Soprano- Michael Goldort-Guitare- Darja Gro\u00dfheide -Traverso-<\/p>\n","protected":false},"author":4,"featured_media":0,"parent":0,"menu_order":3,"comment_status":"closed","ping_status":"closed","template":"full-width-page-template.php","meta":{"footnotes":""},"categories":[58],"tags":[],"class_list":["post-574","page","type-page","status-publish","hentry","category-fr"],"_links":{"self":[{"href":"https:\/\/www.baravmusic.com\/cms\/wp-json\/wp\/v2\/pages\/574","targetHints":{"allow":["GET"]}}],"collection":[{"href":"https:\/\/www.baravmusic.com\/cms\/wp-json\/wp\/v2\/pages"}],"about":[{"href":"https:\/\/www.baravmusic.com\/cms\/wp-json\/wp\/v2\/types\/page"}],"author":[{"embeddable":true,"href":"https:\/\/www.baravmusic.com\/cms\/wp-json\/wp\/v2\/users\/4"}],"replies":[{"embeddable":true,"href":"https:\/\/www.baravmusic.com\/cms\/wp-json\/wp\/v2\/comments?post=574"}],"version-history":[{"count":18,"href":"https:\/\/www.baravmusic.com\/cms\/wp-json\/wp\/v2\/pages\/574\/revisions"}],"predecessor-version":[{"id":18140,"href":"https:\/\/www.baravmusic.com\/cms\/wp-json\/wp\/v2\/pages\/574\/revisions\/18140"}],"wp:attachment":[{"href":"https:\/\/www.baravmusic.com\/cms\/wp-json\/wp\/v2\/media?parent=574"}],"wp:term":[{"taxonomy":"category","embeddable":true,"href":"https:\/\/www.baravmusic.com\/cms\/wp-json\/wp\/v2\/categories?post=574"},{"taxonomy":"post_tag","embeddable":true,"href":"https:\/\/www.baravmusic.com\/cms\/wp-json\/wp\/v2\/tags?post=574"}],"curies":[{"name":"wp","href":"https:\/\/api.w.org\/{rel}","templated":true}]}}